he highest common divisor of 1948 and 3701687.
487
Calculate the highest common divisor of 1230 and 2055945.
615
What is the greatest common divisor of 702776 and 9630?
214
What is the highest common divisor of 138456 and 216?
216
What is the greatest common factor of 225043 and 819?
91
Calculate the greatest common factor of 153 and 11763.
9
What is the highest common factor of 616 and 145761?
77
What is the highest common divisor of 3104 and 448?
32
Calculate the greatest common divisor of 35 and 18960095.
35
What is the greatest common divisor of 30 and 75102?
6
What is the highest common divisor of 69412 and 2948?
268
Calculate the highest common divisor of 2718 and 780972.
906
What is the greatest common divisor of 117752 and 30874?
718
Calculate the highest common factor of 13 and 1608932.
13
What is the greatest common factor of 97420 and 80?
20
What is the highest common divisor of 207 and 2194062?
69
What is the highest common divisor of 46020 and 585?
195
What is the highest common divisor of 17459 and 5293?
79
Calculate the highest common divisor of 21284 and 459.
17
What is the greatest common divisor of 150464 and 72881?
2351
What is the greatest common divisor of 700 and 38332?
28
Calculate the greatest common divisor of 20492 and 470.
94
What is the greatest common divisor of 1125213 and 51?
51
What is the highest common divisor of 9775 and 765?
85
Calculate the greatest common factor of 31355 and 415.
5
Calculate the highest common divisor of 1626 and 101896.
542
Calculate the highest common factor of 61 and 43127.
61
Calculate the highest common factor of 243208 and 46864.
808
What is the greatest common factor of 3 and 10929?
3
What is the greatest common divisor of 165991 and 161?
161
What is the greatest common divisor of 221157 and 54?
27
What is the greatest common factor of 865450 and 25?
25
What is the highest common factor of 229383 and 58212?
693
What is the greatest common factor of 1904 and 8228?
68
Calculate the greatest common divisor of 465 and 1488.
93
What is the highest common factor of 7095 and 999105?
645
Calculate the highest common factor of 303 and 1104.
3
What is the highest common factor of 3112 and 4279?
389
Calculate the highest common divisor of 25 and 4075.
25
What is the highest common factor of 1640 and 10000?
40
Calculate the greatest common divisor of 254840 and 46.
46
Calculate the highest common factor of 26300 and 127292.
1052
Calculate the greatest common factor of 408 and 77384.
136
Calculate the highest common factor of 96462 and 621.
207
Calculate the greatest common factor of 50112 and 369344.
1856
Calculate the highest common factor of 2158 and 104.
26
Calculate the greatest common factor of 19545 and 195.
15
Calculate the highest common factor of 149766 and 16350.
654
What is the highest common divisor of 75 and 62900?
25
What is the greatest common divisor of 360 and 14085?
45
What is the highest common divisor of 1055800 and 160?
40
Calculate the greatest common divisor of 2494 and 1935.
43
Calculate the highest common divisor of 22414144 and 64.
64
What is the greatest common divisor of 12052 and 92?
92
Calculate the greatest common divisor of 20004 and 648.
12
What is the highest common factor of 6180 and 178293?
309
What is the highest common divisor of 819 and 26775?
63
What is the highest common divisor of 65 and 36205?
65
Calculate the greatest common factor of 86512 and 48.
16
What is the highest common factor of 2027351 and 2168?
271
What is the greatest common divisor of 410 and 223204?
82
What is the greatest common divisor of 217087 and 65?
13
What is the highest common factor of 88 and 5599352?
88
Calculate the greatest common factor of 40 and 149252.
4
Calculate the greatest common divisor of 1068542 and 1826.
166
Calculate the greatest common factor of 7520 and 19056.
16
Calculate the highest common factor of 154 and 88858.
154
What is the highest common divisor of 7344 and 336?
48
What is the highest common divisor of 552601 and 5607?
623
Calculate the greatest common divisor of 246 and 9123402.
246
What is the greatest common factor of 726 and 6171?
363
What is the highest common factor of 46 and 119094?
46
What is the highest common factor of 3538124 and 83?
83
Calculate the greatest common divisor of 552 and 7222.
46
Calculate the greatest common factor of 117945 and 180.
45
Calculate the highest common factor of 10110 and 195.
15
What is the highest common divisor of 52 and 13091?
13
Calculate the greatest common factor of 9 and 149319.
9
Calculate the greatest common factor of 126 and 10350.
18
What is the greatest common factor of 28850 and 700?
50
Calculate the greatest common divisor of 133648 and 64.
16
What is the greatest common factor of 1007 and 21508?
19
What is the highest common divisor of 100400 and 45?
5
What is the greatest common divisor of 52974 and 54?
54
Calculate the highest common divisor of 1104 and 81.
3
Calculate the greatest common factor of 189183 and 741.
57
Calculate the highest common divisor of 33 and 175350.
3
Calculate the highest common factor of 5390 and 1484.
14
Calculate the highest common divisor of 92 and 92621.
23
Calculate the greatest common divisor of 704385 and 90.
45
Calculate the highest common factor of 171684 and 2628.
36
Calculate the highest common factor of 1986246 and 306.
306
Calculate the highest common divisor of 622433 and 14.
7
What is the greatest common divisor of 1268 and 9196804?
1268
Calculate the highest common factor of 1184 and 46694.
74
What is the greatest common factor of 15435 and 21?
21
What is the highest common factor of 6289 and 15922?
19
What is the greatest common factor of 14 and 143381?
7
What is the highest common divisor of 105677 and 286?
143
What is the greatest common divisor of 2547262 and 478?
478
What is the highest common divisor of 10886216 and 88?
88
Calculate the greatest common factor of 108812 and 55.
11
Calculate the greatest common divisor of 22156 and 1910.
382
What is the highest common factor of 15725 and 200?
25
What is the greatest common divisor of 130078 and 52?
26
What is the highest common factor of 35624 and 16?
8
Calculate the highest common divisor of 2672931 and 723.
723
What is the highest common factor of 21 and 6475?
7
Calculate the highest common factor of 61257 and 63.
21
Calculate the greatest common divisor of 240 and 20340.
60
Calculate the highest common divisor of 26796 and 176.
44
Calculate the highest common factor of 63504 and 3159.
81
Calculate the highest common divisor of 21 and 1309518.
21
What is the greatest common divisor of 24591600 and 40?
40
What is the highest common divisor of 144 and 84789?
9
What is the highest common divisor of 1252 and 2388190?
626
Calculate the greatest common divisor of 448 and 11336192.
448
Calculate the greatest common divisor of 54808 and 4.
4
Calculate the greatest common divisor of 75972 and 208.
52
Calculate the highest common divisor of 426281 and 31.
31
What is the greatest common divisor of 12 and 3994044?
12
What is the highest common factor of 20 and 104850?
10
What is the highest common divisor of 867 and 120309?
51
What is the highest common divisor of 195 and 1464060?
195
What is the highest common factor of 6 and 574914?
6
Calculate the greatest common factor of 1196 and 3601.
13
Calculate the greatest common divisor of 972 and 1182195.
243
Calculate the highest common divisor of 9 and 8421.
3
What is the greatest common divisor of 130642 and 3984?
166
Calculate the greatest common divisor of 42 and 2647050.
42
What is the greatest common factor of 232 and 2349?
29
What is the greatest common factor of 2083689 and 9115?
1823
Calculate the highest common factor of 598 and 4784.
598
What is the highest common divisor of 4332 and 109820?
76
Calculate the highest common divisor of 11679 and 510.
51
Calculate the greatest common factor of 41 and 8301598.
41
Calculate the highest common divisor of 1128 and 12831.
141
What is the highest common divisor of 31178 and 54383?
119
What is the greatest common factor of 929156 and 134?
134
What is the highest common divisor of 19 and 829806?
19
What is the highest common factor of 5301 and 22599?
279
What is the greatest common divisor of 27945 and 23895?
405